. Determine x(-312).
16
Let r(j) = -2*j**3 + 304*j**2 - 1459*j - 44. Give r(5).
11
Let d(m) = 2*m**3 - 4*m**2 - 363*m - 2229. Give d(-6).
-627
Let y(g) = 5*g**2 + 661*g - 4450. Give y(-138).
-448
Let k(s) = s**3 + 26*s**2 - 9*s + 1404. Determine k(-28).
88
Let x(w) = 25648*w - 43652886. Calculate x(1702).
10
Let m(b) = -3*b**3 - 107*b**2 - 69*b + 157. What is m(-35)?
122
Let d(b) = -4*b**3 + 366*b**2 - 201*b + 418. Determine d(91).
-1311
Let g(k) = -24070*k + 12131320. Calculate g(504).
40
Let j(c) = c**3 + 14*c**2 + 34*c + 521. What is j(-14)?
45
Let x(s) = s**2 + 165*s + 7072. Give x(-95).
422
Let p(f) = -f**3 - 6*f**2 - 44363*f - 266183. What is p(-6)?
-5
Let i(g) = -2029*g + 105509. What is i(53)?
-2028
Let g(r) = 155*r**2 + 6*r + 364. What is g(0)?
364
Let s(f) = -17070*f + 375542. Calculate s(22).
2
Let k(n) = -3*n**3 - 2594*n**2 + 6059*n - 8646. What is k(-867)?
24
Let q(c) = 109*c + 16622. Calculate q(-141).
1253
Let z(i) = -14*i**2 - 1237*i - 11926. Give z(-11).
-13
Let o(k) = 38*k**2 - 440*k - 2685. Determine o(16).
3
Let u(s) = 12760*s + 12859. Calculate u(-1).
99
Let r(y) = -17*y**2 - 4169*y + 7434. Give r(-247).
24
Let k(w) = -w**2 - 36*w + 6812. Give k(-101).
247
Let y(a) = 5873*a + 11481717. Calculate y(-1955).
2
Let m(o) = 7167*o + 136168. Give m(-19).
-5
Let o(d) = 3*d**3 - 1038*d**2 - 1055*d + 4889. Determine o(347).
31
Let v(t) = t**3 + 407*t**2 - 154*t + 441162. Determine v(-410).
2
Let a(f) = -24816*f**2 + 173716*f - 33. Calculate a(7).
-5
Let s(j) = 4*j**3 + 1338*j**2 - 661*j + 4178. Calculate s(-335).
1163
Let o(w) = -7410*w - 89398. What is o(-12)?
-478
Let r(k) = 10*k**3 + 294*k**2 + 391*k + 94. Determine r(-28).
122
Let b(f) = -16802*f + 17552. Calculate b(1).
750
Let w(q) = -q**3 + 4*q**2 + 978*q - 63. What is w(0)?
-63
Let t(o) = -o**3 + 70*o**2 + 73*o + 126. What is t(71)?
268
Let o(c) = -225485*c - 2705800. What is o(-12)?
20
Let c(g) = -g**3 - 57*g**2 - 52*g - 65. What is c(-56)?
-289
Let p(m) = -219*m + 5256. What is p(27)?
-657
Let j(c) = 14*c**3 + c**2 + c + 346. What is j(0)?
346
Let w(g) = -g**3 - 53*g**2 + 4999*g + 149. Give w(-102).
47
Let q(h) = 115*h - 383. What is q(10)?
767
Let c(k) = -11*k**2 - 243*k + 161. Give c(-19).
807
Let c(r) = -4*r**2 + 110*r + 1047. Determine c(-10).
-453
Let y(n) = -5*n**2 - 509*n - 12699. Determine y(-58).
3
Let d(f) = -3365*f + 42499. Give d(12).
2119
Let d(u) = 314972*u + 1259884. What is d(-4)?
-4
Let d(b) = -5*b**3 + 115*b**2 - 5686*b + 76298. What is d(15)?
8
Let c(l) = -4*l**2 - 169*l - 851. Determine c(-36).
49
Let k(f) = f**2 + 1750*f - 22849. Give k(13).
70
Let z(o) = -42*o**2 - 5397*o - 47487. Give z(-119).
-6
Let i(o) = 2107710*o + 18969389. Calculate i(-9).
-1
Let c(l) = l**3 + 769*l**2 + 14988*l + 5995. Determine c(-749).
3
Let l(a) = 58*a**2 + 27545*a - 2358. Calculate l(-475).
17
Let o(j) = 1942*j - 712750. What is o(367)?
-36
Let w(c) = -700*c + 53777. What is w(77)?
-123
Let g(q) = 2690*q + 1288478. Calculate g(-479).
-32
Let t(p) = -3*p**3 + 245*p**2 - 860*p + 62. Give t(78).
-94
Let y(a) = a**3 - 20*a**2 - 22*a - 19. Calculate y(0).
-19
Let m(u) = 10719*u**2 - 1715038*u - 314. Calculate m(160).
6
Let p(l) = -84*l**2 + 3013*l + 506. Calculate p(36).
110
Let p(t) = 255*t**2 + 30*t - 985. Calculate p(0).
-985
Let k(f) = 179*f + 1411. Calculate k(-8).
-21
Let n(x) = 4*x**2 + 539*x + 11218. Calculate n(-22).
1296
Let z(d) = d**3 - 80*d**2 - 40897*d + 14999. Determine z(246).
-7
Let z(m) = -m**2 + 283*m + 4475. Calculate z(-15).
5
Let x(j) = 925*j - 16792. What is x(18)?
-142
Let b(r) = -63*r**3 + 5*r**2 + 371*r - 372. Calculate b(1).
-59
Let j(p) = 3*p**3 - 2*p**2 - 676*p + 6430. Calculate j(9).
2371
Let s(n) = n**2 - 34*n - 4796. Give s(79).
-1241
Let c(y) = -y**2 + 2067*y + 58673. Give c(-28).
13
Let m(a) = 224*a + 12171. Determine m(-55).
-149
Let l(y) = -y**3 - 32*y**2 + 5706*y + 118936. Calculate l(-20).
16
Let y(i) = -2*i**2 - 76951*i + 76951. Determine y(1).
-2
Let j(q) = q**2 - 521*q + 52709. What is j(138)?
-145
Let w(d) = 209943*d - 2939208. Calculate w(14).
-6
Let k(c) = c**3 - 13*c**2 + 165*c - 2234. Give k(15).
691
Let p(c) = c**3 + 4*c**2 - 49*c + 35. Give p(-19).
-4449
Let b(m) = 3*m**3 + 100*m**2 - 105*m - 1017. Give b(-34).
241
Let r(k) = -524*k + 30143. What is r(48)?
4991
Let z(b) = -b**3 + 26*b**2 - 5002*b + 135771. Determine z(27).
-12
Let q(o) = -o**3 + 2*o**2 + 647*o + 559. Calculate q(-24).
7
Let r(a) = a**3 + 37*a**2 - 16168*a - 46. Determine r(110).
174
Let w(b) = -11*b**2 + 5782*b + 122293. What is w(546)?
-11
Let r(z) = 19*z**3 - 27*z**2 - 28*z + 1. Determine r(-3).
-671
Let y(c) = -7*c**2 - 845*c - 5685. What is y(-7)?
-113
Let g(h) = 6*h**3 - 728*h**2 + 8071*h - 548. Give g(109).
-3
Let v(d) = -4*d**3 + 15*d**2 + 476*d - 2250. What is v(5)?
5
Let s(w) = w**3 + 79*w**2 + 53*w - 606. Calculate s(-78).
1344
Let b(l) = -l**3 - 360*l**2 - 1059*l - 122795. Give b(-358).
-1
Let w(n) = -6*n**3 - 221*n**2 - 1904*n + 37. Calculate w(-23).
-78
Let z(p) = -813*p + 91063. What is z(112)?
7
Let c(w) = 23*w - 2296. What is c(100)?
4
Let r(p) = 2*p**3 + 2*p**2 - 1910*p - 22547. What is r(-21)?
-77
Let v(c) = 297*c**3 - 2080*c**2 + 27*c - 127. Calculate v(7).
13
Let x(t) = t**3 - 7*t**2 - 137*t - 424. Calculate x(-4).
-52
Let h(i) = 202*i**2 - 130*i - 4. What is h(1)?
68
Let n(l) = l**3 - 46*l**2 - 221*l + 63. What is n(51)?
1797
Let x(f) = -58740*f + 2702000. Calculate x(46).
-40
Let a(s) = -6*s**2 - 3497*s + 114201. Determine a(31).
28
Let v(c) = 3862*c + 24261. Determine v(-6).
1089
Let q(n) = n**2 + 856*n - 24428. What is q(30)?
2152
Let r(z) = 6*z**3 + 59*z**2 - 128*z - 17. Give r(2).
11
Let r(w) = -627*w + 27503. What is r(46)?
-1339
Let p(n) = -97*n**3 - 62*n**2 - 191*n + 7. What is p(-3)?
2641
Let w(m) = -339*m**2 - 23*m - 44. Calculate w(3).
-3164
Let c(d) = d**3 - 68*d**2 - 133*d - 328. What is c(70)?
162
Let b(h) = 6*h**2 + 22723*h - 68189. Give b(3).
34
Let u(v) = 44*v**3 - 448*v**2 - 425*v + 6. Determine u(11).
-313
Let b(j) = -j**2 - 103*j + 5819. Calculate b(-145).
-271
Let c(s) = 17*s**3 - 237*s**2 + 4*s - 264. What is c(14)?
-12
Let l(f) = f**3 + 3*f**2 - 13239*f - 2. Give l(0).
-2
Let k(w) = 3342*w**2 - 53511*w + 720. Give k(16).
96
Let f(i) = 3*i**3 - 23*i**2 + 12*i - 370. Determine f(9).
62
Let b(x) = -x**3 + 248*x**2 - 897*x + 39686. What is b(245)?
-4
Let i(v) = 80*v**3 + 1783*v**2 + 527*v + 466. Calculate i(-22).
4
Let z(l) = l**2 - 576*l + 48395. Calculate z(97).
1932
Let g(c) = c**3 + 402*c**2 + 818*c + 7111. What is g(-400)?
-89
Let l(c) = -4*c**3 + 43*c**2 + 8566*c + 652. Determine l(52).
-76
Let p(i) = 2*i**3 - 11*i**2 + 1191*i - 9708. Calculate p(8).
140
Let s(a) = -230*a + 3660. Determine s(16).
-20
Let o(x) = -775*x**3 + 49*x**2 - 54*x + 4. Give o(1).
-776
Let g(m) = 4139*m + 422089. Calculate g(-102).
-89
Let t(z) = 2377*z - 15958. Determine t(7).
681
Let p(r) = r**2 - 183*r - 15580. Calculate p(-67).
1170
Let n(a) = -18518*a + 92203. Determine n(5).
-387
Let i(s) = -11354*s - 329358. Determine i(-29).
-92
Let a(o) = -10157*o + 121856. Calculate a(12).
-28
Let g(w) = -4*w**3 + 897*w**2 - 1108*w - 1516. Determine g(223).
45
Let z(s) = -s**3 - 117*s**2 - 695*s + 522. Determine z(-7).
-3
Let i(j) = -4*j**2 - 7825*j - 17. Calculate i(0).
-17
Let u(r) = -94327*r + 565965. Calculate u(6).
3
Let a(s) = -19*s**2 + 155*s + 5886. What is a(-14)?
-8
Let b(l) = -992*l**2 - 319*l - 1. Calculate b(-1).
-674
Let n(h) = -9*h**2 - 5197*h - 30850. Give n(-6).
8
Let u(d) = -1290*d + 108391. Determine u(84).
31
Let n(y) = 2704*y - 476008. Calculate n(176).
-104
Let i(f) = 450002*f + 15. Calculate i(0).
15
Let d(t) = -6094*t + 78914. Give d(13).
-308
Let f(o) = 8654*o + 2501006. Determine f(-289).
0
Let v(h) = -2067899*h - 22746899. What is v(-11)?
-10
Let v(z) = -46*z**2 - 537*z - 204. Determine v(-11).
137
Let h(w) = 24*w**2 + 541*w + 4950. Calculate h(-11).
1903
Let r(l) = 1392*l - 24751. Determine r(18).
305
Let l(w) = -3436*w + 4315607. Determine l(1256).
-9
Let r(q) = 5*q**2 + 832*q + 1464. Calculate r(-165).
309
Let x(a) = a**3 + 4*a**2 + 174966*a + 524882. Calculate x(-3).
-7
Let s(u) = u**2 + 271*u - 23570. Determine s(-335).
-2130
Let p(n) = -276*n - 4649. Give p(-30).
3631
Let b(g) = -39147*g - 156624. What is b(-4)?
-36